t r = j + 0. Determine g(r).
5
Let g(o) = o**3 + 3*o**2 + 3*o + 4. Let i be g(-3). Let x(y) = 12 + 10*y**2 - 7 + y**3 - 4*y**2 - 7*y + 15*y. Give x(i).
-10
Let k(n) = -n**2 - 6*n + 1. Suppose 34 + 26 = 5*x. Let b = x - 18. Give k(b).
1
Let j(o) = -o**3 + o**2 + 3*o + 4. Suppose 4*p + 5*c - 5 - 17 = 0, -4*p = c - 14. Determine j(p).
-5
Let u be 7/3 - (-16)/24. Let y(j) be the first derivative of 1/4*j**4 + 4/3*j**3 + 3 + 5/2*j**2 + u*j. Determine y(-3).
-3
Let u(f) = 4*f - 2. Let k(h) = -6*h + 16. Let o be k(3). Give u(o).
-10
Let t = -12 + 7. Let u be (2 + 0 - 4) + 5. Let m(w) = 4*w**2 - 2*w - 2*w + 4*w**3 + 4 - 3*w**u. Give m(t).
-1
Let j(g) be the second derivative of 1/12*g**4 + 8*g + 1/3*g**3 + 0 + 1/2*g**2 - 1/10*g**5. What is j(2)?
-7
Let x = 13 + -14. Let r(f) = -4*f**2 - f - 1. What is r(x)?
-4
Let k(c) = c - 1. Let t be ((-12)/(-8))/((-1)/(-4)). Let w be k(t). Let i(d) = 7 - 4*d + 3*d - d. Determine i(w).
-3
Let u(s) = -s**3 + 3*s**2 + 5*s - 4. Let w be u(4). Suppose -2*q + 14 = -w*q. Let j(y) = 2*y + q + y**2 - y**3 - 5*y**2 - 3. What is j(-4)?
-4
Let k be (44/(-55))/((-6)/(-30)). Let w(j) be the second derivative of -j**5/20 - 5*j**4/12 - j**3/2 - j**2 - j. Give w(k).
-6
Let y(r) = 12*r - 11*r - 6*r**2 - 5 + 7*r**2. Determine y(4).
15
Let j(r) = -r - 4. Let z be j(-10). Let a(v) = -2*v + 17*v + z - 4*v - 9*v. Let t be 3*(1 - 8/3). Calculate a(t).
-4
Let t(v) = v - 4. Suppose -10 = -7*s + 5*s. Determine t(s).
1
Suppose i + 4*g + 14 = 0, -2*g = -7*i + 3*i + 34. Suppose 0 = o - 8 + 6. Let n = o - i. Let k(z) = -z**3 - 5*z**2 - 2*z + 5. Calculate k(n).
-3
Let a(m) = -m - 1. Let o(d) = -3*d - 1. Let r(c) = -c**3 + c**2 + c. Let n be r(1). Let z(j) = n*o(j) - a(j). Give z(-2).
4
Let m(h) = 2*h + 9. Let f be m(-7). Let j(i) = -i**2 - 6*i - 5. Determine j(f).
0
Let o(v) = 11*v**3 + v**2 - v. Let u(w) = -2*w - 7. Let x be u(-5). Suppose 2 = x*p - 1. What is o(p)?
11
Let c(a) = 10*a**3 + 9*a**2 - 10*a - 2. Let d(x) = 7*x**3 + 6*x**2 - 7*x - 1. Let v(w) = -5*c(w) + 7*d(w). Calculate v(-3).
0
Let r(j) = -j**3 + 4*j**2 - 3*j + 1. Suppose 3*t - 12 = t. Let s be (-3)/(-2)*4/t. Let y be (5/(-7) + s)*7. What is r(y)?
3
Let o(m) = -m**2 - m - 2. Let c(x) = 3*x - 5 - 4*x + 4. Let f(n) = -6*c(n) + o(n). Let w = -6 - -10. Determine f(w).
8
Let t(p) = 15*p + 6. Let z(k) = 30*k + 11. Let x(f) = -11*t(f) + 6*z(f). What is x(1)?
15
Let k(x) = 2*x**2 + 5*x - 2. Suppose 8*t = -24 - 8. What is k(t)?
10
Let l(z) = z + 1. Let t(o) = -4*o + 3. Let y(c) = -3*l(c) - t(c). Determine y(6).
0
Suppose a = 6*a - 45. Let o(y) = y**3 - 10*y**2 + 7*y + 13. Give o(a).
-5
Let k(y) = 3*y**3 - 22*y**2 + 15*y + 13. Let p(i) = -2*i**3 + 15*i**2 - 10*i - 9. Let q(x) = 5*k(x) + 7*p(x). What is q(4)?
6
Suppose 5*z + 3 = -2. Let f = z - -6. Let o(y) = y**2 - 6*y - 2. Calculate o(f).
-7
Let u(y) = -y**2 + 7*y - 6. Let l be u(6). Suppose -4*b = w + 2*w + 4, l = -4*b + w - 20. Let s(i) = -i**3 - 5*i**2 - 6*i - 1. What is s(b)?
7
Suppose 0 = 4*o - 60 + 68. Let h(r) = -r**2. Let g(u) = 3*u**2 + u + 1. Let f(k) = 2*g(k) + 5*h(k). Calculate f(o).
2
Let f(l) = 7*l**2 - l. Let z be (-1 + -11)*2/(-6). Let q = 7 - z. Let n be 9/q - 4/2. Give f(n).
6
Let b(c) = -3 - 5 + 0 + 3 - 3*c + 6. Let n(m) be the third derivative of -m**5/60 + m**4/24 - m**3/6 + m**2. Let t be n(0). Calculate b(t).
4
Let n(i) = -i + 6. Suppose 0 = -2*x - 10 + 8. Let k be 1/(-2 - x)*-5. Give n(k).
1
Let h(s) be the first derivative of s**3/3 + 11*s**2/2 + 11*s - 26. Determine h(-9).
-7
Let l(i) = -i**2 - 1 + 6*i + 11 - 2 - 3. What is l(6)?
5
Let z(h) = -7*h + 6. Let s(o) = -o - 1. Let q(y) = -4*y + 7. Let u(c) = q(c) + 2*s(c). Let n(m) = 5*u(m) - 4*z(m). Determine n(1).
-1
Let g(k) = k**2 - 8*k - 4. Let r be ((-54)/30)/((-1)/5). Give g(r).
5
Suppose 0*v - 4*v + 60 = -5*h, -5*v + 75 = -5*h. Let o = v - 19. Let k(n) = n**3 + 5*n**2 + 5*n - 3. Calculate k(o).
-7
Let f(z) = -4*z**3 - 11*z**2 + 5*z + 4. Let w(t) = -3*t**3 - 10*t**2 + 5*t + 3. Let u(s) = 4*f(s) - 5*w(s). What is u(4)?
13
Let g(l) = -l + 4. Let i(b) be the third derivative of -b**3/6 - b**2. Let h(s) = -2*g(s) - 9*i(s). Give h(1).
3
Let z(h) = h + 1. Suppose -5*g - 2*d = -12, 4*g + 5 = -d + 14. Suppose 0*j = g*j + 10. Let w = j + 5. Calculate z(w).
1
Let w(y) = -y**2 + 7*y - 6. Let z be ((-126)/(-12))/((-3)/4). Let p be ((-12)/7)/(z/49). Calculate w(p).
0
Let u(q) = 5 + 2*q - q**2 + q - q. Let y be 2/(0 + 4/10). Calculate u(y).
-10
Let c(f) = 0*f - 3*f + 2*f. Let z(u) = -u**2 + u - 1. Let m(k) = -6*k**2 + 11*k - 7. Let l(j) = -m(j) + 5*z(j). Let x be l(4). What is c(x)?
6
Let v be (2 - 1)/(3/15). Let o(x) = x**2 - 2*x - 4. Calculate o(v).
11
Let z(p) = p**2 + 2. Let g be z(3). Suppose v + g = 4*d, 0 = 3*d + 2*v + 3*v + 9. Let m(r) = 3*r**3 + 0*r - 4*r**3 - 2 + 4*r**2 - d*r. What is m(3)?
1
Suppose -2*v + 21 = 4*a - v, -5*v = -a - 21. Let u(b) = -3*b + 4. What is u(a)?
-8
Let q(j) = -2*j**2 + 4*j - 2. Let l be 3 + 6 + -5 - 2. Give q(l).
-2
Let t(p) = -p**2 - 5*p + 2. Let m(w) = 38*w + 23. Let n(s) = -13*s - 8. Let k(r) = 6*m(r) + 17*n(r). Let u be k(-1). What is t(u)?
2
Let k(v) = -11*v + 4 + 5*v + 7*v. Let f(h) = -h - 5. Let m(a) = -5*f(a) - 6*k(a). What is m(-1)?
2
Let d(w) = w + 2. Let q(a) = -3*a - 3. Let c(x) = -7*d(x) - 3*q(x). Let y be 1 + 2 - (-1 + 0). What is c(y)?
3
Let q(b) = -2*b - 6. Let m(u) = -4*u - 13. Let j(h) = -2*m(h) + 5*q(h). Determine j(-5).
6
Let d = 2 + 2. Let u(k) be the first derivative of k**3/6 - 7*k**2/2 + 3*k - 2. Let c(a) be the first derivative of u(a). What is c(d)?
-3
Let j(k) be the second derivative of -k**5/20 - 2*k**4/3 - 5*k**3/6 + 3*k**2/2 + 8*k. Determine j(-7).
-11
Let m be 7/((-147)/(-12))*7. Let v(s) be the third derivative of -1/24*s**m + 1/3*s**3 + 0 + 0*s + 4*s**2. Calculate v(-6).
8
Let x(i) = -6*i + 1. Let p(q) = -17*q + 2. Let s(m) = -3*p(m) + 8*x(m). What is s(-5)?
-13
Let v(i) be the first derivative of 3*i**4/4 - 16*i**3/3 + 2*i**2 + 4*i + 4. Let a(w) = 2*w**3 - 11*w**2 + 3*w + 3. Let g(l) = -7*a(l) + 5*v(l). Calculate g(2).
-7
Let t(p) = p - 4. Let k = 2 + 1. Suppose 2*s + 3 = k*s. Suppose -s*b + 4 = z + 3*z, -28 = 4*b - 3*z. Give t(b).
-8
Let h(z) = z**2 + 3*z + 3. Suppose 5*t + 0*t = -2*y + 17, -4*y - 6 = 2*t. Calculate h(y).
7
Let t(z) be the third derivative of -z**6/60 - z**5/60 + 8*z**2 - 2. Suppose 4*g = 2 + 2. Give t(g).
-3
Let g(m) be the third derivative of -m**6/120 - 3*m**5/20 - 3*m**4/8 - m**3/3 - 11*m**2 + 2. Give g(-8).
6
Suppose 0 = -0*t + 4*t. Let q(p) = -p - 1. Let x(c) = 5*c + 12. Let d(y) = 4*q(y) + x(y). Give d(t).
8
Let m = -4 - -8. Suppose -5 = -m*v + 7. Let j(t) = -v*t**2 + t - 2*t + 2*t**2 + 6. Calculate j(0).
6
Let z(m) = 3*m**3 - 1. Suppose 0 = 3*l + 3. Let a be (2*-2)/(-2) + l. Let v = 2 - a. Determine z(v).
2
Let j(k) be the third derivative of -k**6/120 + 2*k**5/15 + k**4/3 + 2*k**3/3 + 36*k**2. Determine j(9).
-5
Let b(d) = -4*d + 23. Let w be b(7). Let c(a) = -6 + a - a**3 - 7*a + a - 6*a**2. What is c(w)?
-6
Let i = -1 - -3. Suppose 4*b - 5*t - 30 = -b, -4*b - i*t + 30 = 0. Let r(y) = -y**3 + 7*y**2 - 2. What is r(b)?
-2
Let v(l) = -l**3 - 20*l**2 + 2. Let b be v(-20). Let h(g) = g**3 - g**2 + 1. Determine h(b).
5
Suppose g + 2*f = -0*g + 12, -2*f + 18 = 4*g. Suppose -z = d - 3 - g, 0 = -z. Let p(a) = -a**2 + 3*a + 6. Determine p(d).
-4
Let m(p) = p - 2. Let u be (-23)/7 - 10/(-35). What is m(u)?
-5
Let i(r) = -r**2 + 6*r - 7. Suppose -l - 3 + 7 = 0. Suppose n + 5 = l*y - 10, 5*n - 2*y = 15. Determine i(n).
-2
Let t(w) = w**3 + 8*w**2 - w - 7. Let k be t(-8). Let g(r) be the second derivative of -r**5/5 + r**4/6 - r**3/6 - r. Determine g(k).
-3
Let s(q) be the third derivative of q**7/420 - q**5/120 + q**4/24 + q**3/6 - 2*q**2. Let p(h) be the first derivative of s(h). What is p(1)?
2
Let y(a) be the first derivative of -1/3*a**3 - 1/4*a**4 - 1 + a + 2*a**2. Determine y(-3).
7
Let k(n) = n**3 - 3*n**2 + 3. Let r(q) = -q**2 - 9*q - 10. Let s be r(-7). Let i be (-8)/(-12)*18/s. Determine k(i).
3
Let i(d) = d - 5. Let l(j) = -j**3 + 9*j**2 + 3*j - 20. Let q be l(9). What is i(q)?
2
Let h(g) be the second derivative of g**4/12 - 2*g**3/3 + 3*g**2/2 + 36*g. Calculate h(5).
8
Let v(z) = 2*z - 4. Let r(o) = 3*o - 8. Let j(m) = 4*r(m) - 7*v(m). Calculate j(-6).
8
Suppose 0*d + 5*l 